base 13) to base 4
-3331032030
Convert -3223211031 (base 4) to base 9.
-1730576
What is -111111001000010001 (base 2) in base 14?
-6a33b
-100000101010100100001 (base 2) to base 13
-2b6271
Convert 10000111111111110 (base 2) to base 14.
1b538
-2a994 (base 12) to base 10
-60160
1122554 (base 8) to base 2
1001010010101101100
71527636 (base 8) to base 4
321222332132
What is 11012110001122 (base 3) in base 16?
22128b
Convert -2950a6 (base 12) to base 9.
-1265620
What is -422231 (base 9) in base 16?
-3d456
What is 420958 (base 11) in base 15?
d4d5d
2232310323 (base 4) to base 14
148d75
-21631724 (base 8) to base 15
-622934
What is -10122110122 (base 3) in base 14?
-1c235
What is -7a25a (base 11) in base 2?
-11100010110001000
-1001232141 (base 5) to base 3
-10201110011120
112401142 (base 6) to base 14
3c37ca
-14d5b5 (base 15) to base 2
-11110101110111000101
What is 166d94 (base 15) in base 12?
444887
Convert -13b254 (base 12) to base 8.
-1205240
Convert -306d6 (base 16) to base 9.
-332077
-200230230 (base 4) to base 5
-13241212
14017611 (base 8) to base 3
12221020012110
What is 19482 (base 16) in base 8?
312202
Convert -5c85c (base 13) to base 4.
-221221212
What is 4024400 (base 5) in base 16?
fb5e
What is 57d0f (base 16) in base 5?
43002240
Convert -11a9dc (base 14) to base 7.
-5101465
b18538 (base 15) to base 9
16771378
100111101000101011110011 (base 2) to base 3
201112212202102
Convert 64404114 (base 8) to base 6.
1211005220
Convert -4778b3 (base 12) to base 9.
-2147720
Convert 11110101011011110110 (base 2) to base 13.
29276c
What is 44242 (base 6) in base 13?
2a4a
Convert -8bb49 (base 12) to base 9.
-313783
Convert -2123002300 (base 5) to base 12.
-1610431
What is -1a9c6 (base 13) in base 6?
-1041422
1028475 (base 10) to base 8
3730573
Convert 18627878 (base 9) to base 2.
100011111000110011110111
What is 3414363 (base 9) in base 2?
111000001010010101000
1001101000111001000010 (base 2) to base 8
11507102
What is -1313135 (base 7) in base 6?
-3402155
Convert -2455412 (base 7) to base 4.
-1031100203
-1223345315 (base 6) to base 11
-7aa6538
Convert -56453 (base 13) to base 4.
-212100323
1441515 (base 7) to base 10
195081
103355 (base 10) to base 15
20955
110110101010000011010 (base 2) to base 10
1791002
-50311 (base 7) to base 13
-56c5
Convert -224344304 (base 5) to base 11.
-631743
2406c (base 14) to base 8
253540
Convert 11010000100101001100 (base 2) to base 13.
23bb41
What is -945957 (base 12) in base 5?
-1044114220
Convert -b1a62 (base 12) to base 5.
-24400323
Convert -13213104 (base 5) to base 7.
-1060440
-39615 (base 11) to base 16
-dd44
-26476d (base 16) to base 10
-2508653
Convert -212332241 (base 5) to base 16.
-dc434
Convert 300ad (base 14) to base 7.
660306
Convert -3820889 (base 12) to base 4.
-221323123221
What is 2020120221 (base 3) in base 8?
126212
What is -90c38b (base 13) in base 15?
-46819d
Convert 214554014 (base 6) to base 13.
a57552
1411122 (base 6) to base 3
11000210212
What is -213210321 (base 4) in base 14?
-4310d
16010 (base 11) to base 15
6a93
What is -100000011011001011100 (base 2) in base 15?
-15ec2c
What is -23313030121 (base 4) in base 13?
-84b545
What is 341243 (base 5) in base 2?
10111100101001
Convert -101201001211110 (base 3) to base 7.
-66235053
Convert 23330320 (base 8) to base 16.
4db0d0
Convert -1020002201111 (base 3) to base 15.
-cd09d
Convert 43206 (base 8) to base 16.
4686
-18857a (base 16) to base 7
-16442142
Convert 54162564 (base 7) to base 5.
2140324001
What is 10100100111101110 (base 2) in base 3?
11021212020
10303233202 (base 4) to base 7
13466653
-275c9c (base 16) to base 12
-a449b8
-2325234 (base 9) to base 11
-789438
Convert -32000013223 (base 4) to base 15.
-4c7857
Convert -296595 (base 10) to base 13.
-a5000
Convert bd773 (base 16) to base 4.
2331131303
What is 77a48 (base 11) in base 12?
55522
Convert -22450213 (base 7) to base 16.
-1deefd
-1b75136 (base 12) to base 6
-325544510
13163053 (base 8) to base 13
7c0439
Convert 16eef (base 16) to base 12.
4643b
-16413642 (base 7) to base 11
-9a3467
What is -103302030 (base 4) in base 14?
-21764
Convert -1754746 (base 8) to base 3.
-222010210211
What is -1262311 (base 7) in base 9?
-273361
2212986 (base 10) to base 12
8a87b6
214541 (base 8) to base 12
35829
-233121010 (base 4) to base 5
-22202431
Convert -113737 (base 12) to base 11.
-179240
What is -3402140 (base 5) in base 6?
-1140130
-3278787 (base 9) to base 16
-1aedda
Convert -226012 (base 7) to base 14.
-10a79
Convert 1001010011010000011 (base 2) to base 16.
4a683
Convert 884557 (base 9) to base 4.
2000331331
21421456 (base 8) to base 10
4596526
-174118 (base 12) to base 6
-12332432
Convert 20103232033 (base 4) to base 3.
11002122120021
Convert 2790398 (base 10) to base 7.
32501162
What is 40448 (base 9) in base 10?
26612
Convert -2020131003 (base 4) to base 8.
-2103503
1256592 (base 11) to base 9
4075268
What is -542717 (base 8) in base 14?
-4a315
Convert -52051511 (base 6) to base 11.
-934973
232599 (base 10) to base 3
102211001210
-322604 (base 10) to base 16
-4ec2c
What is 15074 (base 15) in base 5?
4130414
1177021 (base 9) to base 6
21430031
What is 7c2239 (base 16) in base 5?
4040311400
What is 4344223 (base 5) in base 14?
1d44a
Convert 224321 (base 8) to base 5.
4412420
What is 43ecb (base 16) in base 8?
1037313
What is 403492 (base 14) in base 6?
114150012
1111102212121 (base 3) to base 13
21b3bc
-2327676 (base 11) to base 10
-4065683
2a90651 (base 11) to base 10
5286183
Convert -f602 (base 16) to base 3.
-10012101112
324452504 (base 6) to base 12
1b4a134
Convert 36a237 (base 12) to base 3.
1200010211021
Convert -110010111100001001111 (base 2) to base 8.
-6274117
Convert -14245664 (base 7) to base 4.
-11013000110
4527356 (base 11) to base 12
27a550a
-260903 (base 11) to base 3
-202212211201
What is -22632 (base 7) in base 13?
-2847
123424440 (base 5) to base 8
2243570
What is -120003114 (base 5) in base 3?
-1000210201210
214240431 (base 5) to base 14
1a3297
Convert -300013030 (base 4) to base 15.
-3d5cd
Convert 2775b (base 13) to base 14.
1cc48
32336 (base 12) to base 13
24147
What is -222220111112 (base 3) in base 16?
-814d3
What is 2330210011 (base 4) in base 3?
1110020110211
What is 7166301 (base 11) in base 10?
12658174
Convert -110305362 (base 7) to base 14.
-c4c0d9
241212 (base 7) to base 10
43668
Convert -97738 (base 11) to base 2.
-100010101010010110
Convert -4a093 (base 16) to base 15.
-5ecbb
-1095321 (base 10) to base 11
-688a27
5dc7 (base 16) to base 12
11a87
What is 182183 (base 10) in base 14?
4a571
What is -1b53003 (base 13) in base 4?
-202210001033
Convert 45115040 (base 7) to base 12.
1382a88
What is 20220101122101 (base 3) in base 11?
2086470
5449721 (base 11) to base 14
13b2bdc
-53c16 (base 13) to base 6
-3125043
b6697b (base 12) to base 5
1213421302
-39717 (base 14) to base 10
-141337
What is -26a807a (base 13) in base 7?
-205365541
Convert 1165402 (base 8) to base 3.
121101010021
-17242628 (base 9) to base 8
-40775230
What is 6136511 (base 7) in base 14?
150bb1
Convert 952935 (base 13) to base 14.
66c025
What is 1237776 (base 8) in base 5?
42002222
Convert 8793a5 (base 13) to base 10.
3190686
What is 21295e (base 15) in base 3?
2222011221022
What is 11130203 (base 4) in base 15?
6922
What is 2101222101100 (base 3) in base 4?
10320033201
-1312332313 (base 5) to base 12
-1106546
What is -13131122123 (base 4) in base 13?
-5360ba
Convert -22010001200022 (base 3) to base 10.
-4311800
What is 1302333320 (base 4) in base 7?
4001162
-565bb (base 12) to base 3
-12211121222
-21132331023 (base 4) to base 11
-1448923
1251005121 (base 6) to base 3
1001000012112211
What is -125104114 (base 6) in base 11?
-1445398
158856 (base 9) to base 4
120001101
What is -131122223 (base 4) in base 9?
-203248
-1220210001102 (base 3) to base 6
-33502232
-149cff (base 16) to base 12
-55193b
Convert 15304 (base 7) to base 5.
114032
What is -4439b1 (base 12) in base 2?
-100001000110111010101
Convert 6482 (base 16) to base 12.
12a82
Convert -162304 (base 8) to base 13.
-2086c
Convert -1201111310 (base 4) to base 10.
-398708
What is 1211222210000 (base 3) in base 14?
1b884c
Convert 60084 (base 9) to base 6.
502334
Convert 300554 (base 8) to base 2.
11000000101101100
Convert 76752 (base 8) to base 16.
7